(o + 3). What is the greatest common divisor of d and k?
16
Let w = -12 - -93. Suppose 5*d + 39 = 2*x, -7*x + 2*d + 45 = -2*x. Suppose -l - 1 = 5*a, x*l - 51 = 2*l + 3*a. What is the highest common divisor of l and w?
9
Suppose 4*d - 747 = -235. Calculate the greatest common factor of 32 and d.
32
Suppose -118 = -3*l + 2*z + 9, 5*l = -z + 229. Suppose 0 = -2*r + 5 + 1. Suppose -4 - 23 = -r*u. What is the highest common factor of u and l?
9
Suppose 2*u + 3*u - 530 = 0. Let v = -73 + u. Calculate the highest common factor of 99 and v.
33
Suppose c = -9 + 31. Suppose -2 = 3*u - 8. Calculate the greatest common divisor of u and c.
2
Suppose -3*n + 3 = 0, -4*o + 5*n = -39 - 8. Suppose 343 = 5*f - 242. Suppose 4*u = -f + 481. Calculate the greatest common divisor of o and u.
13
Let q be -84*(-2 + (-9)/(-6)). Let a be q/(-12)*(-8)/14. Calculate the greatest common factor of a and 2.
2
Suppose -7*x - k = -2*x + 10, 2*x - 8 = 2*k. Let h(f) = f**2 - 2*f - 2. Let a be h(4). Let g be ((-4)/a)/(x/18). Calculate the highest common factor of 8 and g.
4
Suppose -3*y + 24 = 3*k, 0 = -0*y + 4*y - 3*k + 3. Suppose 5*s = -p + 55 + 12, -p + 57 = y*s. What is the highest common divisor of p and 6?
6
Suppose 0 = -2*w, -2*x - 3*w = -1134 + 384. Suppose -4*m - x = -9*m. Calculate the greatest common divisor of m and 15.
15
Let z = 4 + 16. What is the highest common factor of 4 and z?
4
Suppose -10*q = -5 - 95. Calculate the greatest common factor of q and 40.
10
Suppose 6*t = t + 40. Let o be (11/33)/((-2)/(-48)). What is the highest common divisor of t and o?
8
Let x be 51 - (1 + (4 + 0)/2). What is the greatest common factor of 240 and x?
48
Let r(n) = n**3 + 5*n**2 + 2*n - 2. Suppose -2*z + 4*w - 4 = -2, z - 2 = 5*w. Let u be r(z). Calculate the greatest common factor of 15 and u.
5
Suppose 0 = 3*d + 2*f - 64, -3*d + 4*f = 10 - 80. Calculate the highest common divisor of d and 55.
11
Suppose 0 = -4*p - 2*i - 64, 4*i = p - 3*p - 38. Let s = 25 + p. Let o = -18 + 28. What is the greatest common factor of o and s?
10
Suppose 2163 = 9*b + 3. What is the highest common divisor of b and 48?
48
Suppose -5*h + 2*h = 3*k - 60, 30 = k + 3*h. Suppose 0 = 2*x + x - k. Suppose 3*n - 3 = 0, 0*r - x*r = -5*n. What is the highest common factor of r and 6?
1
Suppose v + 4 = -4*f + 6*f, 2*v = 5*f - 11. Suppose -5*w = -4*m - f*w + 58, 3*m + w = 51. Calculate the greatest common factor of m and 48.
16
Let r = -20 - -42. Calculate the highest common divisor of 33 and r.
11
Let v(z) = 2*z**2 + 9*z. Let j be v(-8). What is the greatest common factor of j and 14?
14
Suppose 0 = -2*o - 5*c + 33, 5*c - 22 - 3 = 0. Suppose 323 = o*y - 145. What is the greatest common factor of 13 and y?
13
Let c = 23 + -6. What is the greatest common factor of c and 68?
17
Let d(l) = -19*l - 22. Let u be d(-4). Calculate the highest common divisor of 6 and u.
6
Suppose -2*y = -0*y - 182. Let g be ((-6)/2 - -7) + 3. Let d = g - -6. What is the highest common divisor of d and y?
13
Let r be (24/(-20) + 0)*-30. Suppose -9*f + 6*f + r = 0. What is the highest common factor of 96 and f?
12
Let f be 110 - (-2)/(1 + 0). What is the greatest common factor of 14 and f?
14
Let s(q) = -q**3 - 5*q**2 - 8. Suppose i + 3*i = -24. Let k be s(i). Let y = -4 - -11. Calculate the greatest common factor of k and y.
7
Let y be (-2)/(3/(-30)*40/32). Calculate the highest common factor of y and 176.
16
Suppose 21*r + 144 = 27*r. Let f = -283 - -499. What is the greatest common factor of r and f?
24
Suppose 0 = -4*p + 5*p - 7. Suppose p*k = 3*k + 48. What is the greatest common divisor of 3 and k?
3
Let u(v) = v + 4. Let r be u(0). Suppose 4*k = r, -p - 2*k + 134 = 2*p. What is the greatest common divisor of p and 4?
4
Suppose 9 = m + 36. Let q be (m*2/(-3))/1. Let x = 2 - 0. What is the greatest common factor of x and q?
2
Let h(q) = -q**3 - 4*q**2 + 5*q + 6. Let r be h(-5). What is the highest common factor of r and 54?
6
Let q = -73 + 154. What is the greatest common factor of 54 and q?
27
Let l be 4 + (-4 - -1) + 14. Calculate the highest common factor of 75 and l.
15
Let h = 120 - 113. Calculate the greatest common factor of h and 35.
7
Let a be 5/2*6/3 - 0. What is the greatest common divisor of a and 10?
5
Let w be 166/8 - (-8)/(192/(-18)). What is the highest common divisor of w and 60?
20
Suppose -3*r + 4*q = -57, -4*r + 4*q + 16 + 56 = 0. What is the greatest common divisor of 75 and r?
15
Suppose -2*m + 35 = 3*z - 40, m + 4*z = 50. Calculate the highest common factor of m and 10.
10
Suppose -3*o = -6*o + 420. What is the highest common factor of 56 and o?
28
Suppose -3*w = 5*c - 3*c + 548, -5*w - 912 = 2*c. Let p = 326 + w. What is the highest common divisor of p and 18?
18
Let m = 4 + -2. Let c be (3*16)/(-1 + m). Let s(p) = 2*p**2 - 5*p. Let k be s(4). Calculate the highest common divisor of c and k.
12
Let k = -6 + 9. Let p be (-1464)/(-16) - k/2. Calculate the highest common divisor of 18 and p.
18
Let i = 5 + 1. Let a(l) = -l**3 - 12*l**2 + 12*l - 13. Let b be a(-13). Let n be (b + -1)/(2/(-6)). Calculate the highest common divisor of n and i.
3
Suppose -12 - 610 = -2*s. Suppose 0 = 3*c - c - a - 173, s = 4*c + 5*a. What is the highest common factor of c and 56?
28
Let d(h) = -h - 1. Let x be d(-5). Suppose 0 = -2*b - 6, -x*w = -3*b - 21 - 40. What is the highest common divisor of 130 and w?
13
Let l be (259/(-21))/((-2)/12). Calculate the highest common factor of l and 185.
37
Let y be (-608)/(-12) - (-4)/(-6). Suppose 4*s - 47 - 253 = 0. What is the highest common factor of y and s?
25
Suppose 3*m + 20 - 3 = h, 4*m = 5*h - 85. What is the highest common factor of h and 17?
17
Suppose -6 + 0 = 2*c, 0 = 4*k - 2*c - 14. Suppose s + 0*n = k*n + 13, 4*s = 2*n + 70. Calculate the highest common divisor of s and 152.
19
Suppose 0*b = 3*b - 15. Let w(g) = g**2 - 4*g + 4. Let d be w(b). Let y = 157 + -103. What is the greatest common factor of y and d?
9
Let w(k) = -5*k**3 - 2*k - 1. Let g be w(-1). Suppose 3*v + g + 0 = 0. Let r be (-13 - 1)*1/v. What is the greatest common factor of 14 and r?
7
Let s be (180/(-25))/((-4)/70). Calculate the greatest common divisor of 14 and s.
14
Let w = 5 + 19. What is the highest common divisor of w and 8?
8
Let b be (-6)/(-15) + (-146)/(-10). Suppose -v + 5*k = b, -4*v - k + 45 = -0*k. Calculate the greatest common divisor of 25 and v.
5
Let x(d) = -d + 5. Let s be x(-4). Calculate the greatest common factor of 9 and s.
9
Suppose -6*h = -0*h - 132. Calculate the greatest common divisor of 33 and h.
11
Suppose -216 = -2*q - g, -5*q + 530 = 5*g - 0*g. Let x = -2 + 2. Suppose -t = 5*z + 6 + 8, 5*z + 25 = x. What is the greatest common factor of t and q?
11
Suppose 9 = 3*r, 5*m + 3*r - 188 = 31. Suppose 4*h = 2*h + 56. What is the greatest common divisor of h and m?
14
Let l be 32/(-14) - (-4)/14. Let u be (-9831)/(-15) + l/5. Suppose -150 = -5*v + u. Calculate the highest common factor of v and 23.
23
Suppose 0 = -12*h + 21*h - 54. Suppose -2*q + 0*q + 12 = 0. What is the greatest common factor of q and h?
6
Suppose -20 + 10 = -l. What is the greatest common factor of 50 and l?
10
Let j = 11 - 8. Suppose j*z - 8 = 2*h + 2, 20 = -3*z - 4*h. Suppose z = 5*t - 0 - 5. Calculate the greatest common factor of 11 and t.
1
Suppose 0 = i + 3*a - 18, 3*i - 4*a + 44 = 6*i. Calculate the greatest common divisor of i and 132.
12
Let u = 1 + 6. Let h(r) = 2*r**2 + 35*r + 18. Let l be h(-17). What is the greatest common factor of l and u?
1
Let b = -8 - -12. What is the greatest common factor of b and 36?
4
Let j(n) = n**2 + 2. Let i be j(-2). Suppose -z = 2*z - i. Let u(c) = c**2 - 6*c + 6. Let a be u(6). What is the highest common divisor of z and a?
2
Let k(d) = -d**3 + d**2 + 2*d + 1. Let z be k(-2). Let a = -34 + 61. Calculate the greatest common divisor of z and a.
9
Let q(j) = -2*j + 15. Let r be q(3). Calculate the greatest common factor of r and 99.
9
Let j(o) be the third derivative of o**5/60 - o**4/8 - 5*o**3/6 - 7*o**2. Let s be j(-4). What is the greatest common divisor of s and 253?
23
Suppose o + 3*o + i - 101 = 0, 4*o + 5*i - 89 = 0. What is the highest common factor of o and 13?
13
Let k be (7 + -22)*(-16)/6. What is the highest common factor of k and 8?
8
Let f(y) = y**2 - y - 1